{"id":14,"date":"2025-04-07T15:08:32","date_gmt":"2025-04-07T15:08:32","guid":{"rendered":"http:\/\/localhost\/DenemaxSport\/?page_id=14"},"modified":"2025-05-22T13:58:32","modified_gmt":"2025-05-22T13:58:32","slug":"contacto","status":"publish","type":"page","link":"https:\/\/prueba.denemaxsport.com\/DenemaxSport\/?page_id=14","title":{"rendered":"Contacto"},"content":{"rendered":"\n<div class=\"wp-block-uagb-container uagb-layout-flex uagb-block-edf9ad47 alignfull uagb-is-root-container\"><div class=\"uagb-container-inner-blocks-wrap\">\n<div class=\"wp-block-uagb-advanced-heading uagb-block-022836bc\"><p class=\"uagb-desc-text\">Contacto<\/p><h1 class=\"uagb-heading-text\">Estamos aqu\u00ed para ayudarte y asesorarte<\/h1><\/div>\n<\/div><\/div>\n\n\n\n<div class=\"wp-block-uagb-container uagb-layout-grid uagb-block-889b654d alignfull uagb-is-root-container\"><div class=\"uagb-container-inner-blocks-wrap\">\n<div class=\"wp-block-uagb-container uagb-block-a1503ca7\">\n<div class=\"wp-block-uagb-advanced-heading uagb-block-1f8f3c3f\"><p class=\"uagb-desc-text\">Formulario de Contacto<\/p><h2 class=\"uagb-heading-text\">D\u00e9janos tus preguntas y sugerencias aqu\u00ed<\/h2><\/div>\n\n\n\n<div class=\"wp-block-uagb-icon-list uagb-block-3fd53615\"><div class=\"uagb-icon-list__wrap\">\n<div class=\"wp-block-uagb-icon-list-child uagb-block-d15ed965\"><a target=\"_self\" aria-label=\"List item\" rel=\"noopener noreferrer\" href=\"https:\/\/www.instagram.com\/denemax_sports\/\"> <\/a><span class=\"uagb-icon-list__source-wrap\"><svg xmlns=\"https:\/\/www.w3.org\/2000\/svg\" viewBox=\"0 0 448 512\"><path d=\"M224.1 141c-63.6 0-114.9 51.3-114.9 114.9s51.3 114.9 114.9 114.9S339 319.5 339 255.9 287.7 141 224.1 141zm0 189.6c-41.1 0-74.7-33.5-74.7-74.7s33.5-74.7 74.7-74.7 74.7 33.5 74.7 74.7-33.6 74.7-74.7 74.7zm146.4-194.3c0 14.9-12 26.8-26.8 26.8-14.9 0-26.8-12-26.8-26.8s12-26.8 26.8-26.8 26.8 12 26.8 26.8zm76.1 27.2c-1.7-35.9-9.9-67.7-36.2-93.9-26.2-26.2-58-34.4-93.9-36.2-37-2.1-147.9-2.1-184.9 0-35.8 1.7-67.6 9.9-93.9 36.1s-34.4 58-36.2 93.9c-2.1 37-2.1 147.9 0 184.9 1.7 35.9 9.9 67.7 36.2 93.9s58 34.4 93.9 36.2c37 2.1 147.9 2.1 184.9 0 35.9-1.7 67.7-9.9 93.9-36.2 26.2-26.2 34.4-58 36.2-93.9 2.1-37 2.1-147.8 0-184.8zM398.8 388c-7.8 19.6-22.9 34.7-42.6 42.6-29.5 11.7-99.5 9-132.1 9s-102.7 2.6-132.1-9c-19.6-7.8-34.7-22.9-42.6-42.6-11.7-29.5-9-99.5-9-132.1s-2.6-102.7 9-132.1c7.8-19.6 22.9-34.7 42.6-42.6 29.5-11.7 99.5-9 132.1-9s102.7-2.6 132.1 9c19.6 7.8 34.7 22.9 42.6 42.6 11.7 29.5 9 99.5 9 132.1s2.7 102.7-9 132.1z\"><\/path><\/svg><\/span><\/div>\n\n\n\n<div class=\"wp-block-uagb-icon-list-child uagb-block-518c7d61\"><a target=\"_self\" aria-label=\"\" rel=\"noopener noreferrer\" href=\"#\"> <\/a><span class=\"uagb-icon-list__source-wrap\"><svg xmlns=\"https:\/\/www.w3.org\/2000\/svg\" viewBox=\"0 0 512 512\"><path d=\"M459.4 151.7c.325 4.548 .325 9.097 .325 13.65 0 138.7-105.6 298.6-298.6 298.6-59.45 0-114.7-17.22-161.1-47.11 8.447 .974 16.57 1.299 25.34 1.299 49.06 0 94.21-16.57 130.3-44.83-46.13-.975-84.79-31.19-98.11-72.77 6.498 .974 12.99 1.624 19.82 1.624 9.421 0 18.84-1.3 27.61-3.573-48.08-9.747-84.14-51.98-84.14-102.1v-1.299c13.97 7.797 30.21 12.67 47.43 13.32-28.26-18.84-46.78-51.01-46.78-87.39 0-19.49 5.197-37.36 14.29-52.95 51.65 63.67 129.3 105.3 216.4 109.8-1.624-7.797-2.599-15.92-2.599-24.04 0-57.83 46.78-104.9 104.9-104.9 30.21 0 57.5 12.67 76.67 33.14 23.72-4.548 46.46-13.32 66.6-25.34-7.798 24.37-24.37 44.83-46.13 57.83 21.12-2.273 41.58-8.122 60.43-16.24-14.29 20.79-32.16 39.31-52.63 54.25z\"><\/path><\/svg><\/span><\/div>\n<\/div><\/div>\n<\/div>\n\n\n\n<div class=\"wp-block-uagb-container uagb-layout-flex uagb-block-63e0ef61\">\n<div class=\"wp-block-uagb-advanced-heading uagb-block-11111ede\"><h3 class=\"uagb-heading-text\">Nuestro equipo responder\u00e1 a tus inquietudes lo m\u00e1s pronto posible.<\/h3><\/div>\n\n\n\n<div class=\"wp-block-uagb-advanced-heading uagb-block-25590896\"><p class=\"uagb-heading-text\">Tel\u00e9fono: 123456789<\/p><div class=\"uagb-separator\"><\/div><\/div>\n\n\n\n<div class=\"wp-block-uagb-advanced-heading uagb-block-525f916b\"><p class=\"uagb-heading-text\">Correo Electr\u00f3nico: info@denemax.es<\/p><div class=\"uagb-separator\"><\/div><\/div>\n\n\n\n<div class=\"wp-block-uagb-advanced-heading uagb-block-94af7e4b\"><p class=\"uagb-heading-text\">Direcci\u00f3n: C\/Carpinteros 6, Villaviciosa de Od\u00f3n<\/p><\/div>\n<\/div>\n<\/div><\/div>\n\n\n\n<div class=\"wp-block-uagb-container uagb-layout-grid uagb-block-856a3241 alignfull uagb-is-root-container\"><div class=\"uagb-container-inner-blocks-wrap\">\t\t\t<div \n\t\t\tclass=\"wp-block-uagb-google-map uagb-google-map__wrap uagb-block-4ca268f3     \"\n\t\t\tstyle=\"\" >\n\t\t\t\t<embed\n\t\t\t\t\tclass=\"uagb-google-map__iframe\"\n\t\t\t\t\ttitle=\"Mapa de Google de\"\n\t\t\t\t\tsrc=\"https:\/\/maps.google.com\/maps?q=calle%20carpinteros%206%20Villaviciosa%20de%20Od%C3%B3n&#038;z=12&#038;hl=en&#038;t=m&#038;output=embed&#038;iwloc=near\"\n\t\t\t\t\twidth=\"640\"\n\t\t\t\t\theight=\"450\"\n\t\t\t\t\tloading=\"lazy\"\n\t\t\t\t><\/embed>\n\t\t\t<\/div>\n\t\t\t\n\n\n<div class=\"wp-block-uagb-container uagb-block-9c4c8c42\">\n<div class=\"wp-block-uagb-forms uagb-forms__outer-wrap uagb-block-8edc68b8 uagb-forms__medium-btn\"><form class=\"uagb-forms-main-form\" method=\"post\" autocomplete=\"on\" name=\"uagb-form-8edc68b8\">\n<div class=\"wp-block-uagb-forms-name uagb-forms-name-wrap uagb-forms-field-set uagb-block-af29e0ff\"><div class=\"uagb-forms-name-label required uagb-forms-input-label\" id=\"af29e0ff\">First Name<\/div><input type=\"text\" placeholder=\"Nombre\" required class=\"uagb-forms-name-input uagb-forms-input\" name=\"af29e0ff\" autocomplete=\"given-name\"\/><\/div>\n\n\n\n<div class=\"wp-block-uagb-forms-email uagb-forms-email-wrap uagb-forms-field-set uagb-block-321b39f8\"><div class=\"uagb-forms-email-label  uagb-forms-input-label\" id=\"321b39f8\">Email<\/div><input type=\"email\" class=\"uagb-forms-email-input uagb-forms-input\" placeholder=\"Correo Electr\u00f3nico\" name=\"321b39f8\" autocomplete=\"email\"\/><\/div>\n\n\n\n<div class=\"wp-block-uagb-forms-textarea uagb-forms-textarea-wrap uagb-forms-field-set uagb-block-46b82280\"><div class=\"uagb-forms-textarea-label required uagb-forms-input-label\" id=\"46b82280\">Message<\/div><textarea required class=\"uagb-forms-textarea-input uagb-forms-input\" rows=\"4\" placeholder=\"Escribe un Mensaje\" name=\"46b82280\" autocomplete=\"off\"><\/textarea><\/div>\n<div class=\"uagb-forms-form-hidden-data\"><input type=\"hidden\" class=\"uagb_forms_form_label\" value=\"Spectra Form\"\/><input type=\"hidden\" class=\"uagb_forms_form_id\" value=\"uagb-form-8edc68b8\"\/><\/div><div class=\"uagb-form-reacaptcha-error-8edc68b8\"><\/div><div class=\"uagb-forms-main-submit-button-wrap wp-block-button\"><button class=\"uagb-forms-main-submit-button wp-block-button__link\"><div class=\"uagb-forms-main-submit-button-text\">Enviar un Mensaje<\/div><\/button><\/div><\/form><div class=\"uagb-forms-success-message-8edc68b8 uagb-forms-submit-message-hide\"><span>\u00a1El formulario ha sido enviado exitosamente!<\/span><\/div><div class=\"uagb-forms-failed-message-8edc68b8 uagb-forms-submit-message-hide\"><span>Se produjo un error al enviar el formulario. Por favor, verifique todos los campos nuevamente.<\/span><\/div><\/div>\n<\/div>\n<\/div><\/div>\n\n\n\n<div class=\"wp-block-uagb-container uagb-layout-grid uagb-block-d17d52f5 alignfull uagb-is-root-container\">\n<div class=\"wp-block-uagb-image uagb-block-f5c79397 wp-block-uagb-image--layout-default wp-block-uagb-image--effect-static wp-block-uagb-image--align-none uag-hide-mob\"><figure class=\"wp-block-uagb-image__figure\"><\/figure><\/div>\n\n\n\n<div class=\"wp-block-uagb-info-box uagb-block-e0e0877b uagb-infobox__content-wrap  uagb-infobox-icon-above-title uagb-infobox-image-valign-top wp-block-uagb-info-box--has-margin\"><div class=\"uagb-infobox-margin-wrapper\"><div class=\"uagb-ifb-content\"><div class=\"uagb-ifb-title-wrap\"><p class=\"uagb-ifb-title-prefix\">\u00danete hoy<\/p><h2 class=\"uagb-ifb-title\">Dale un nuevo rumbo a tu club deportivo<\/h2><\/div><p class=\"uagb-ifb-desc\"><strong>Contacta con nosotros y descubre c\u00f3mo podemos ayudarte a optimizar la gesti\u00f3n de tu club de manera efectiva.<\/strong><\/p><div class=\"uagb-ifb-button-wrapper wp-block-button\"><a href=\"?page_id=14\" class=\"uagb-infobox-cta-link wp-block-button__link\" target=\"_self\" rel=\"noopener noreferrer\" onclick=\"return true;\"><span class=\"uagb-inline-editing\">Descubre m\u00e1s<\/span><\/a><\/div><\/div><\/div><\/div>\n\n\n\n<div class=\"wp-block-uagb-image uagb-block-7baf2f18 wp-block-uagb-image--layout-default wp-block-uagb-image--effect-static wp-block-uagb-image--align-none uag-hide-mob\"><figure class=\"wp-block-uagb-image__figure\"><\/figure><\/div>\n<\/div>\n","protected":false},"excerpt":{"rendered":"<p>Contacto Estamos aqu\u00ed para ayudarte y asesorarte Formulario de Contacto D\u00e9janos tus preguntas y sugerencias aqu\u00ed Nuestro equipo responder\u00e1 a [&hellip;]<\/p>\n","protected":false},"author":4,"featured_media":0,"parent":0,"menu_order":0,"comment_status":"closed","ping_status":"closed","template":"","meta":{"_uag_custom_page_level_css":"","site-sidebar-layout":"default","site-content-layout":"","ast-site-content-layout":"","site-content-style":"default","site-sidebar-style":"default","ast-global-header-display":"","ast-banner-title-visibility":"","ast-main-header-display":"","ast-hfb-above-header-display":"","ast-hfb-below-header-display":"","ast-hfb-mobile-header-display":"","site-post-title":"disabled","ast-breadcrumbs-content":"","ast-featured-img":"","footer-sml-layout":"","theme-transparent-header-meta":"enabled","adv-header-id-meta":"","stick-header-meta":"","header-above-stick-meta":"","header-main-stick-meta":"","header-below-stick-meta":"","astra-migrate-meta-layouts":"default","ast-page-background-enabled":"default","ast-page-background-meta":{"desktop":{"background-color":"var(--ast-global-color-4)","background-image":"","background-repeat":"repeat","background-position":"center center","background-size":"auto","background-attachment":"scroll","background-type":"","background-media":"","overlay-type":"","overlay-color":"","overlay-opacity":"","overlay-gradient":""},"tablet":{"background-color":"","background-image":"","background-repeat":"repeat","background-position":"center center","background-size":"auto","background-attachment":"scroll","background-type":"","background-media":"","overlay-type":"","overlay-color":"","overlay-opacity":"","overlay-gradient":""},"mobile":{"background-color":"","background-image":"","background-repeat":"repeat","background-position":"center center","background-size":"auto","background-attachment":"scroll","background-type":"","background-media":"","overlay-type":"","overlay-color":"","overlay-opacity":"","overlay-gradient":""}},"ast-content-background-meta":{"desktop":{"background-color":"var(--ast-global-color-5)","background-image":"","background-repeat":"repeat","background-position":"center center","background-size":"auto","background-attachment":"scroll","background-type":"","background-media":"","overlay-type":"","overlay-color":"","overlay-opacity":"","overlay-gradient":""},"tablet":{"background-color":"var(--ast-global-color-5)","background-image":"","background-repeat":"repeat","background-position":"center center","background-size":"auto","background-attachment":"scroll","background-type":"","background-media":"","overlay-type":"","overlay-color":"","overlay-opacity":"","overlay-gradient":""},"mobile":{"background-color":"var(--ast-global-color-5)","background-image":"","background-repeat":"repeat","background-position":"center center","background-size":"auto","background-attachment":"scroll","background-type":"","background-media":"","overlay-type":"","overlay-color":"","overlay-opacity":"","overlay-gradient":""}},"footnotes":""},"class_list":["post-14","page","type-page","status-publish","hentry"],"yoast_head":"<!-- This site is optimized with the Yoast SEO Premium plugin v25.1 (Yoast SEO v25.1) - https:\/\/yoast.com\/wordpress\/plugins\/seo\/ -->\n<title>Contacto Denemax Sport | Asesoramiento Deportivo<\/title>\n<meta name=\"description\" content=\"Contacto Denemax Sport: tel\u00e9fono, email y oficina en Villaviciosa de Od\u00f3n.\" \/>\n<meta name=\"robots\" content=\"index, follow, max-snippet:-1, max-image-preview:large, max-video-preview:-1\" \/>\n<link rel=\"canonical\" href=\"https:\/\/prueba.denemaxsport.com\/DenemaxSport\/?page_id=14\" \/>\n<meta property=\"og:locale\" content=\"es_ES\" \/>\n<meta property=\"og:type\" content=\"article\" \/>\n<meta property=\"og:title\" content=\"Contacto\" \/>\n<meta property=\"og:description\" content=\"Contacto Denemax Sport: tel\u00e9fono, email y oficina en Villaviciosa de Od\u00f3n.\" \/>\n<meta property=\"og:url\" content=\"https:\/\/prueba.denemaxsport.com\/DenemaxSport\/?page_id=14\" \/>\n<meta property=\"og:site_name\" content=\"DenemaxSport\" \/>\n<meta property=\"article:publisher\" content=\"https:\/\/www.facebook.com\/pages\/DenemaxConsultin\/966345906748622\" \/>\n<meta property=\"article:modified_time\" content=\"2025-05-22T13:58:32+00:00\" \/>\n<meta name=\"twitter:card\" content=\"summary_large_image\" \/>\n<meta name=\"twitter:site\" content=\"@DenemaxSport\" \/>\n<meta name=\"twitter:label1\" content=\"Tiempo de lectura\" \/>\n\t<meta name=\"twitter:data1\" content=\"1 minuto\" \/>\n<script type=\"application\/ld+json\" class=\"yoast-schema-graph\">{\"@context\":\"https:\/\/schema.org\",\"@graph\":[{\"@type\":\"WebPage\",\"@id\":\"https:\/\/prueba.denemaxsport.com\/DenemaxSport\/?page_id=14\",\"url\":\"https:\/\/prueba.denemaxsport.com\/DenemaxSport\/?page_id=14\",\"name\":\"Contacto Denemax Sport | Asesoramiento Deportivo\",\"isPartOf\":{\"@id\":\"https:\/\/prueba.denemaxsport.com\/DenemaxSport\/#website\"},\"datePublished\":\"2025-04-07T15:08:32+00:00\",\"dateModified\":\"2025-05-22T13:58:32+00:00\",\"description\":\"Contacto Denemax Sport: tel\u00e9fono, email y oficina en Villaviciosa de Od\u00f3n.\",\"breadcrumb\":{\"@id\":\"https:\/\/prueba.denemaxsport.com\/DenemaxSport\/?page_id=14#breadcrumb\"},\"inLanguage\":\"es\",\"potentialAction\":[{\"@type\":\"ReadAction\",\"target\":[\"https:\/\/prueba.denemaxsport.com\/DenemaxSport\/?page_id=14\"]}]},{\"@type\":\"BreadcrumbList\",\"@id\":\"https:\/\/prueba.denemaxsport.com\/DenemaxSport\/?page_id=14#breadcrumb\",\"itemListElement\":[{\"@type\":\"ListItem\",\"position\":1,\"name\":\"Portada\",\"item\":\"https:\/\/prueba.denemaxsport.com\/DenemaxSport\/\"},{\"@type\":\"ListItem\",\"position\":2,\"name\":\"Contacto\"}]},{\"@type\":\"WebSite\",\"@id\":\"https:\/\/prueba.denemaxsport.com\/DenemaxSport\/#website\",\"url\":\"https:\/\/prueba.denemaxsport.com\/DenemaxSport\/\",\"name\":\"DenemaxSport\",\"description\":\"\",\"publisher\":{\"@id\":\"https:\/\/prueba.denemaxsport.com\/DenemaxSport\/#organization\"},\"potentialAction\":[{\"@type\":\"SearchAction\",\"target\":{\"@type\":\"EntryPoint\",\"urlTemplate\":\"https:\/\/prueba.denemaxsport.com\/DenemaxSport\/?s={search_term_string}\"},\"query-input\":{\"@type\":\"PropertyValueSpecification\",\"valueRequired\":true,\"valueName\":\"search_term_string\"}}],\"inLanguage\":\"es\"},{\"@type\":\"Organization\",\"@id\":\"https:\/\/prueba.denemaxsport.com\/DenemaxSport\/#organization\",\"name\":\"DenemaxSport\",\"url\":\"https:\/\/prueba.denemaxsport.com\/DenemaxSport\/\",\"logo\":{\"@type\":\"ImageObject\",\"inLanguage\":\"es\",\"@id\":\"https:\/\/prueba.denemaxsport.com\/DenemaxSport\/#\/schema\/logo\/image\/\",\"url\":\"https:\/\/prueba.denemaxsport.com\/DenemaxSport\/wp-content\/uploads\/2025\/04\/cropped-medio-Photoroom.png\",\"contentUrl\":\"https:\/\/prueba.denemaxsport.com\/DenemaxSport\/wp-content\/uploads\/2025\/04\/cropped-medio-Photoroom.png\",\"width\":1035,\"height\":502,\"caption\":\"DenemaxSport\"},\"image\":{\"@id\":\"https:\/\/prueba.denemaxsport.com\/DenemaxSport\/#\/schema\/logo\/image\/\"},\"sameAs\":[\"https:\/\/www.facebook.com\/pages\/DenemaxConsultin\/966345906748622\",\"https:\/\/x.com\/DenemaxSport\",\"https:\/\/www.instagram.com\/denemax_sports\"]}]}<\/script>\n<!-- \/ Yoast SEO Premium plugin. -->","yoast_head_json":{"title":"Contacto Denemax Sport | Asesoramiento Deportivo","description":"Contacto Denemax Sport: tel\u00e9fono, email y oficina en Villaviciosa de Od\u00f3n.","robots":{"index":"index","follow":"follow","max-snippet":"max-snippet:-1","max-image-preview":"max-image-preview:large","max-video-preview":"max-video-preview:-1"},"canonical":"https:\/\/prueba.denemaxsport.com\/DenemaxSport\/?page_id=14","og_locale":"es_ES","og_type":"article","og_title":"Contacto","og_description":"Contacto Denemax Sport: tel\u00e9fono, email y oficina en Villaviciosa de Od\u00f3n.","og_url":"https:\/\/prueba.denemaxsport.com\/DenemaxSport\/?page_id=14","og_site_name":"DenemaxSport","article_publisher":"https:\/\/www.facebook.com\/pages\/DenemaxConsultin\/966345906748622","article_modified_time":"2025-05-22T13:58:32+00:00","twitter_card":"summary_large_image","twitter_site":"@DenemaxSport","twitter_misc":{"Tiempo de lectura":"1 minuto"},"schema":{"@context":"https:\/\/schema.org","@graph":[{"@type":"WebPage","@id":"https:\/\/prueba.denemaxsport.com\/DenemaxSport\/?page_id=14","url":"https:\/\/prueba.denemaxsport.com\/DenemaxSport\/?page_id=14","name":"Contacto Denemax Sport | Asesoramiento Deportivo","isPartOf":{"@id":"https:\/\/prueba.denemaxsport.com\/DenemaxSport\/#website"},"datePublished":"2025-04-07T15:08:32+00:00","dateModified":"2025-05-22T13:58:32+00:00","description":"Contacto Denemax Sport: tel\u00e9fono, email y oficina en Villaviciosa de Od\u00f3n.","breadcrumb":{"@id":"https:\/\/prueba.denemaxsport.com\/DenemaxSport\/?page_id=14#breadcrumb"},"inLanguage":"es","potentialAction":[{"@type":"ReadAction","target":["https:\/\/prueba.denemaxsport.com\/DenemaxSport\/?page_id=14"]}]},{"@type":"BreadcrumbList","@id":"https:\/\/prueba.denemaxsport.com\/DenemaxSport\/?page_id=14#breadcrumb","itemListElement":[{"@type":"ListItem","position":1,"name":"Portada","item":"https:\/\/prueba.denemaxsport.com\/DenemaxSport\/"},{"@type":"ListItem","position":2,"name":"Contacto"}]},{"@type":"WebSite","@id":"https:\/\/prueba.denemaxsport.com\/DenemaxSport\/#website","url":"https:\/\/prueba.denemaxsport.com\/DenemaxSport\/","name":"DenemaxSport","description":"","publisher":{"@id":"https:\/\/prueba.denemaxsport.com\/DenemaxSport\/#organization"},"potentialAction":[{"@type":"SearchAction","target":{"@type":"EntryPoint","urlTemplate":"https:\/\/prueba.denemaxsport.com\/DenemaxSport\/?s={search_term_string}"},"query-input":{"@type":"PropertyValueSpecification","valueRequired":true,"valueName":"search_term_string"}}],"inLanguage":"es"},{"@type":"Organization","@id":"https:\/\/prueba.denemaxsport.com\/DenemaxSport\/#organization","name":"DenemaxSport","url":"https:\/\/prueba.denemaxsport.com\/DenemaxSport\/","logo":{"@type":"ImageObject","inLanguage":"es","@id":"https:\/\/prueba.denemaxsport.com\/DenemaxSport\/#\/schema\/logo\/image\/","url":"https:\/\/prueba.denemaxsport.com\/DenemaxSport\/wp-content\/uploads\/2025\/04\/cropped-medio-Photoroom.png","contentUrl":"https:\/\/prueba.denemaxsport.com\/DenemaxSport\/wp-content\/uploads\/2025\/04\/cropped-medio-Photoroom.png","width":1035,"height":502,"caption":"DenemaxSport"},"image":{"@id":"https:\/\/prueba.denemaxsport.com\/DenemaxSport\/#\/schema\/logo\/image\/"},"sameAs":["https:\/\/www.facebook.com\/pages\/DenemaxConsultin\/966345906748622","https:\/\/x.com\/DenemaxSport","https:\/\/www.instagram.com\/denemax_sports"]}]}},"uagb_featured_image_src":{"full":false,"thumbnail":false,"medium":false,"medium_large":false,"large":false,"1536x1536":false,"2048x2048":false,"ultp_layout_landscape_large":false,"ultp_layout_landscape":false,"ultp_layout_portrait":false,"ultp_layout_square":false},"uagb_author_info":{"display_name":"DenemaxSport Denemax","author_link":"https:\/\/prueba.denemaxsport.com\/DenemaxSport\/?author=4"},"uagb_comment_info":0,"uagb_excerpt":"Contacto Estamos aqu\u00ed para ayudarte y asesorarte Formulario de Contacto D\u00e9janos tus preguntas y sugerencias aqu\u00ed Nuestro equipo responder\u00e1 a [&hellip;]","_links":{"self":[{"href":"https:\/\/prueba.denemaxsport.com\/DenemaxSport\/index.php?rest_route=\/wp\/v2\/pages\/14","targetHints":{"allow":["GET"]}}],"collection":[{"href":"https:\/\/prueba.denemaxsport.com\/DenemaxSport\/index.php?rest_route=\/wp\/v2\/pages"}],"about":[{"href":"https:\/\/prueba.denemaxsport.com\/DenemaxSport\/index.php?rest_route=\/wp\/v2\/types\/page"}],"author":[{"embeddable":true,"href":"https:\/\/prueba.denemaxsport.com\/DenemaxSport\/index.php?rest_route=\/wp\/v2\/users\/4"}],"replies":[{"embeddable":true,"href":"https:\/\/prueba.denemaxsport.com\/DenemaxSport\/index.php?rest_route=%2Fwp%2Fv2%2Fcomments&post=14"}],"version-history":[{"count":13,"href":"https:\/\/prueba.denemaxsport.com\/DenemaxSport\/index.php?rest_route=\/wp\/v2\/pages\/14\/revisions"}],"predecessor-version":[{"id":1558,"href":"https:\/\/prueba.denemaxsport.com\/DenemaxSport\/index.php?rest_route=\/wp\/v2\/pages\/14\/revisions\/1558"}],"wp:attachment":[{"href":"https:\/\/prueba.denemaxsport.com\/DenemaxSport\/index.php?rest_route=%2Fwp%2Fv2%2Fmedia&parent=14"}],"curies":[{"name":"wp","href":"https:\/\/api.w.org\/{rel}","templated":true}]}}